 - 2*q(d). What is the tens digit of v(z)?
1
Suppose 0 = -3*x + l + 10, -8*x + 3*x + 11 = 4*l. Suppose -3*m - 372 = -x*w, -w - 2*m + 377 = 2*w. What is the tens digit of w?
2
Suppose -o + 1191 = 273. Suppose -5*j + 0*p + o = -p, 12 = -4*p. What is the tens digit of j?
8
Let d = 5430 - 2889. What is the thousands digit of d?
2
Let b(n) = -n**2 + 2*n + 1. Let t = -6 + 9. Let x = t + -3. What is the units digit of b(x)?
1
Let h be -2*(-9)/12 - 100/8. Let a(l) = -l**3 - 10*l**2 + l - 16. What is the tens digit of a(h)?
9
Suppose 0 = -4*h + h + 3. What is the tens digit of ((-1488)/(-120))/(0 + h/5)?
6
Let f = -1520 + 2335. What is the hundreds digit of f?
8
Suppose 0 = 4*v - 0*v - 28. Suppose 3*g = -5*n - 3 + 2, 0 = -5*n - g + 3. Let z = v - n. What is the units digit of z?
6
Let w(p) = -10*p - 54 + 3*p**2 - 4*p**2 - 12*p - 4*p. What is the tens digit of w(-15)?
1
Suppose 4*u = c - 3692, 4*u - 2692 = -4*c + 12156. What is the units digit of c?
8
Suppose 0*d - 3*n + 747 = -d, n - 1469 = 2*d. Let p be d/(-15) + 1/5. Suppose y = -2*s + 14, 0 = 5*s - 0*y - y - p. What is the units digit of s?
9
Let r(j) = 28*j**2 + 9*j + 30. What is the units digit of r(-7)?
9
Let m(f) = f**3 - 15*f**2 - 12*f. Let k = -1 + 17. What is the units digit of m(k)?
4
Let r(h) = -19*h**2 + h. Let c be r(-1). Let z = 34 + c. Suppose 2*l + 3*a = -l - 3, 4*l = 5*a + z. What is the units digit of l?
1
Let p = 388 + 77. What is the units digit of p?
5
Let n = 31 - 26. Suppose n*c + 527 = 4*v, 0*v = -5*v + 3*c + 675. What is the units digit of v?
8
Suppose -5*k - 31 = -0*b - 4*b, 0 = -4*k - 3*b. Let j be 14/3 - k/9. Suppose 3*g = 2*g + j, -2*v - 4*g + 58 = 0. What is the units digit of v?
9
Let m(u) = u**2 + u - 3. Let i be m(-3). Let w(n) be the third derivative of 3*n**4/8 - 2*n**3/3 + 7*n**2. What is the tens digit of w(i)?
2
Suppose -10*n - 837 + 48497 = 0. What is the tens digit of n?
6
Suppose 5*f = q + 114 + 28, -2 = q. Suppose -2 = -r + 56. Let z = r - f. What is the tens digit of z?
3
What is the units digit of 3 + (820 + 4 - -10)?
7
Suppose -d = -2*b + 45, -b - 120 = -5*b - 4*d. Suppose -4*k = -c + 11 + 21, -k = 4*c - 9. Let o = b + k. What is the tens digit of o?
1
Suppose 0 = 5*t + o - 1586, 0*t + 4*o = 4*t - 1288. What is the units digit of t?
8
Let b = 9 + 451. What is the hundreds digit of b?
4
What is the tens digit of 290 + 0/6 + 3?
9
Let b(q) = -13*q + 1 + 7 - 5. What is the units digit of b(-6)?
1
Let y be 0*(-1)/(-3) + 2. Suppose y*j - 52 = 20. Suppose -6*h + 114 = -j. What is the tens digit of h?
2
Let p = -18 - -12. Let d(z) be the first derivative of -9*z**2/2 - 15*z + 94. What is the tens digit of d(p)?
3
Suppose -5*r + 3*h = -2*h + 45, 0 = -3*r - 3*h - 33. What is the units digit of r/3*(-9)/5?
6
Let s(m) = -30*m**3 - m**2 + 10*m + 12. What is the hundreds digit of s(-3)?
7
Suppose 6*s = -3*s + 6588. What is the units digit of s?
2
Let k(r) = 10*r**2 - 4*r + 4. Let p be k(-4). Suppose p = -b + 10*b. What is the units digit of b?
0
Suppose -13*v + 2592 = -9*v. What is the hundreds digit of v?
6
Let q(y) be the second derivative of 5*y**4/12 + y**3/3 - 5*y**2/2 + 21*y. What is the units digit of q(-6)?
3
Suppose 8*c - 3386 - 1374 = 0. What is the units digit of c?
5
Let x be -2*(36/8)/(-3). Suppose -2*i - 2*i = 2*p - 10, -2*i + 25 = -x*p. Suppose -5*w - 10 = -10*w - 4*o, -i*w + 3*o = -10. What is the units digit of w?
2
Let d(l) be the first derivative of 15*l**2/2 - l + 4. What is the units digit of d(4)?
9
Let m = 8 + -3. Suppose 3*y = 3*u - u - 10, 3*u = m*y + 16. Suppose -3*l + 2*b = -0*b - 62, -2 = u*b. What is the units digit of l?
0
Suppose 727 + 14 = p. What is the tens digit of p?
4
Let i(m) = 6*m**3 + 2*m**2 - m. Let z be i(1). Suppose -1 + 8 = z*c. What is the units digit of c?
1
Let v = 26 + -23. Let n(d) = -d**3 + 2*d**2 + 4*d - 3. Let t be n(v). Let i(p) = -p + 64. What is the tens digit of i(t)?
6
Let s = -3675 - -8097. What is the units digit of s?
2
Suppose -12*g + 6400 = -2*g. What is the units digit of g?
0
Suppose -12465 = -25*w - 265. What is the tens digit of w?
8
Suppose 4*s - 2*u - 8 = 0, -s + 2*s + 4*u + 16 = 0. Let j(a) = s*a + 13 + a + 5. What is the units digit of j(0)?
8
Let j(t) = t**3 + 16*t**2 - 18*t + 22. Let c be 78/9 - (-4)/(-6). Suppose 85 = 3*a - c*a. What is the tens digit of j(a)?
3
Let n be 130/(-6) + (-7)/21. Let u = n - -80. What is the units digit of u?
8
Let f(j) = j**3 + 10*j**2 + 16*j - 6. Let o be f(-8). Let t be o/4 - 247/(-38). Let b(w) = -w**3 + 7*w**2 - 5*w - 6. What is the tens digit of b(t)?
1
Suppose -5*g + 1226 = 4*n - 1215, -4*n = -5*g + 2409. What is the hundreds digit of g?
4
Let t(f) = -11*f + 18. Let h(r) = -1. Let y(w) = -4*h(w) + t(w). What is the units digit of y(-5)?
7
Let j(s) be the third derivative of 7*s**4/2 - s**3/2 + 2*s**2. Let d be j(4). What is the tens digit of d/15 - (-3)/(-15)?
2
What is the hundreds digit of (-2 + (-16150)/(-15))*3?
2
Suppose 2*v - 3*v - 21 = 5*l, 5*v - 40 = 4*l. Suppose 0 = -2*g + g + 1. What is the tens digit of g/(((-20)/(-395))/v)?
7
Suppose -48 = 4*r + 308. Let h = r + 45. Let b = -22 - h. What is the units digit of b?
2
Let a = -1137 - -2252. What is the tens digit of a?
1
Let c be 5 + 9/(-3) - -1. Suppose 5*p - 373 + 43 = 2*m, -3*m = c*p - 198. What is the tens digit of p?
6
Suppose 0 = 3*x - 2*z + 11, 5*z + 76 = -4*x + 23. Let m(t) = t**3 + 8*t**2 + 6*t - 8. Let j be m(x). What is the tens digit of 162/8 + j/4?
2
Suppose 5*q - 2*q = -33. Let z = q - -55. Suppose 2*i + 9*w - 4*w = 84, i + 2*w - z = 0. What is the tens digit of i?
5
Suppose -4 = -2*q, 0 = 6*f - 10*f - 3*q + 9210. What is the hundreds digit of f?
3
Let q = -72 + 1881. What is the hundreds digit of q?
8
Let o = 12 - 18. What is the units digit of -9 - o - (-55 + 3)?
9
Suppose 5388 = 3*r - 4836. What is the tens digit of r?
0
Suppose 3 = 4*k - 13, -2*g + 3*k + 274 = 0. What is the tens digit of g?
4
Let v(d) = 9*d - 7. Suppose -14 = -2*k - 2*f, 0 = -2*k - 3*k + f + 23. Let b be v(k). Let w = b - 25. What is the units digit of w?
3
Suppose -2 = -2*y + 4*u + 22, -y = 3*u + 13. Suppose 0 = -5*s + 20, g - 632 = -3*g - y*s. What is the tens digit of g?
5
Let c = 253 + -192. What is the units digit of c?
1
Let j be 30/7 - 2/7. Suppose -7*q + 76 = -3*q + j*w, -q + 17 = 2*w. Let r = -5 + q. What is the units digit of r?
6
Suppose 0 = -106*w + 102*w + 17728. What is the units digit of w?
2
Suppose 1750 = 11*g - 6*g. What is the tens digit of g?
5
Suppose 9737 + 10088 = 13*m. What is the units digit of m?
5
Suppose 6*q - 309 = 5*q. What is the units digit of q?
9
Let d(f) = 144*f + 25. What is the tens digit of d(6)?
8
Let g = 4979 + -2361. What is the hundreds digit of g?
6
Let n = 1182 + 239. What is the units digit of n?
1
Suppose -4*p = -6*p + 12. Let h = p + -7. What is the tens digit of 2/(h - 39/(-37))?
3
Suppose -6*h - 747 - 1089 = 0. Let v = -188 - h. What is the units digit of v?
8
Let c(p) = -2400*p**3 - 6*p**2 + p + 2. What is the units digit of c(-1)?
5
Let n(i) = i + 0 - i**3 + 7*i**2 - 3 + i. Let x(s) = 3*s**3 - 21*s**2 - 7*s + 8. Let o(g) = -8*n(g) - 3*x(g). What is the units digit of o(7)?
5
Let s = -1201 + 1610. What is the units digit of s?
9
Suppose 4*y - i + 27 = -13, 5*y + 51 = i. What is the units digit of ((474/4)/(-3))/(y/22)?
9
Suppose -27*g + 1192 = -23*g. Suppose 108 - g = -5*j. Let o = -20 + j. What is the tens digit of o?
1
Let k be 16/(-12)*18/(-4)*1. What is the tens digit of (-320)/k*15/(-5)?
6
Let d(g) = 2*g**2 + g - 3. Let w be d(-3). Let u(x) be the second derivative of x**5/20 - x**4 + x**3/6 - 3*x**2 + 3*x. What is the units digit of u(w)?
6
Let z(l) = -2*l - 4 - 5 + 3*l - 3*l. Suppose 8*r = 3*r - 75. What is the units digit of z(r)?
1
Let v = 48 + -50. What is the units digit of 82 - (3 + (v - -2))?
9
What is the units digit of 140/(-15)*(-36)/24?
4
What is the units digit of 1/4 - (10 + (-2990)/8)?
4
Let r be -24 - (13 + 3)/(-4). Let q = r + 25. Suppose -31 = -m + 5*z, 2*z = q*m - 8 - 216. What is the tens digit of m?
4
Let l be 4 + -3 + 2 + 137. Suppose w - 6*w - 282 = -2*s, -s = -2*w - l. What is the tens digit of s?
3
Suppose 0 = -5*v - 4*t + 8567, -3*t = -5*v + 737 + 7844. What is the units digit of v?
5
Let b = 1 - 17. Let f = b - -53. Let l = -17 + f. Wha